t is the hundreds digit of t(8)?
1
Suppose -2*f + 0*f + 12 = 0. Suppose 0 = f*s - 91 - 83. What is the tens digit of s?
2
What is the hundreds digit of (-1 + (-15)/(-6))*(-19628)/(-42)?
7
Suppose 0 = 7*f - 8239 - 8757. What is the thousands digit of f?
2
Let k(v) = -5*v**2 - 14*v + 6. Let i(t) = -14*t**2 - 43*t + 17. Let l(u) = 4*i(u) - 11*k(u). What is the units digit of l(-11)?
9
Suppose 193 - 913 = -5*u. Let c = u - 85. What is the tens digit of c?
5
Suppose 2513 = -13*u + 37717. What is the thousands digit of u?
2
Let r(u) = 16*u - 1. Let p = -10 + 7. Let f be 3 + (p - -7)/(-2). What is the tens digit of r(f)?
1
Let q = 7 - 3. Suppose -q = -g - 2. What is the units digit of g/(-4) - (-38)/4?
9
Let w(t) = t - 5. Let a be w(8). Let f be (1/a)/(2/234). Suppose -4*k = -f - 13. What is the tens digit of k?
1
Let z(q) = -13*q + 6. Let p(g) = -9*g + 4. Let y(k) = 7*p(k) - 5*z(k). What is the units digit of y(6)?
0
Suppose q = -5*d + 31, 9*q - 5*q = d - 23. Let w(u) be the third derivative of u**5/60 - 5*u**4/24 + u**3/3 - 26*u**2. What is the tens digit of w(d)?
1
Let d(w) = 6*w**2 - 11 - 11*w**2 - w**3 - 3*w**2 + 7*w - 4*w**2. What is the units digit of d(-13)?
7
What is the hundreds digit of 99/(5*(5 - (-2982)/(-600)))?
6
Let j be (-2)/(4 + -6) - -3. Suppose -j*o - 65 = -9*o. What is the tens digit of o?
1
Suppose 0 = p - f - 9, 3*f = -f - 16. Suppose 0 = -2*g + 5*g + p*h - 411, 3*g - 393 = h. What is the units digit of g?
2
Let p be (-4)/10 - (216/(-20))/2. Suppose 0 = w - 3*w - 4*z + 144, -p*w - 5*z = -335. What is the units digit of w?
2
Let a(f) = -33*f - 11. Suppose y = 3*b + 10, 0 = -5*b - y + 6*y - 20. What is the units digit of a(b)?
8
Let x = -25 - -5. Let l be 10/x + 85/2. Suppose -i + l = -2. What is the units digit of i?
4
Suppose -15944 = -21*f + 68392. What is the thousands digit of f?
4
Let i be 2/5 - (-38)/5. Let t = -316 - -321. Suppose d - 3*y - 43 = 0, d + t*y - 3 = i. What is the tens digit of d?
3
Let s = 25 - 24. Suppose -2*g + s + 3 = 0. What is the units digit of g?
2
Let y(t) = t**3 - 12*t**2 + t - 8. Let x be y(12). Let c = 79 - x. What is the tens digit of c?
7
Let n be (-12)/20 + 3 + (-3)/(-5). Suppose 3*y = 2*j + 32, n*j = 2*y - 0*y - 13. What is the units digit of y?
4
Suppose -2*c + 1 + 3 = 0. Let t(r) = 5*r**2 - 2*r + 1. Let y be t(1). Suppose 4*l + l + c*x = 207, -119 = -3*l + y*x. What is the tens digit of l?
4
Let h(f) = 3*f + 125. Let i(q) = -7*q. Let k be i(0). What is the tens digit of h(k)?
2
Let p = 233 - 78. What is the units digit of p?
5
Let h = -371 - -584. What is the hundreds digit of h?
2
Let j(x) = -x. Let i(d) = 18*d + 42. Let m(z) = i(z) + 15*j(z). Let l = 3 + -3. What is the tens digit of m(l)?
4
Let j be (16/3)/(4/42). Suppose 3*b - 149 = 3*o - j, 0 = 2*b + o - 50. What is the tens digit of b?
2
Suppose -4*l = -5*d + 376, -5*d - 3*l - l + 384 = 0. Let q = d + -56. What is the tens digit of q?
2
Suppose -7*n + 248 = -88. Suppose -r - 5*r = -n. Suppose -r*i = -247 + 31. What is the tens digit of i?
2
Let k be 3/5 - 48/(-20). Suppose -4*v + 3*i = -428, k*v - 318 = -3*i + 6*i. Suppose v = 5*s - 0*s. What is the units digit of s?
2
Let i = 1991 - 732. What is the hundreds digit of i?
2
Let o be (1 + (-5)/2)/((-129)/(-344)). What is the tens digit of (210/o)/(1 - (-6)/(-4))?
0
Let s = 30 - 28. Suppose s*d + 1644 = 14*d. What is the units digit of d?
7
Suppose -4*a = 2*p - 3*a + 7, -4*a = 5*p + 22. What is the units digit of (658/(-14))/(-1*p/(-4))?
4
Let x = 59 - -556. What is the tens digit of x?
1
Let n = 23 + -22. What is the tens digit of n + (-172)/8*-2?
4
Let c = 5 - -1. Suppose -c = -2*g - 14. What is the units digit of g/6 + (-316)/(-6)?
2
Let o(w) = -w + 15. Let i be o(9). Let r = i - 2. Suppose 8*s - 16 = r*s. What is the units digit of s?
4
Let k be -1 + -1 + -1 + 3. Suppose k = 8*p - 5*p - 156. What is the units digit of p?
2
Suppose 4*v - 16 = 5*h - 2*h, -5*v + 20 = -2*h. Suppose -8 = -x + v. Suppose -3*o - x = -6*o. What is the units digit of o?
4
Let l = -467 + 854. Suppose -l = -5*j + 2*y, -3*j + 3*y = -j - 146. What is the tens digit of j?
7
Let l(d) = -d**3 - 4*d**2 + 10*d - 8. Let x be l(-6). Suppose -k = -x*k + 240. What is the tens digit of k?
8
Suppose -1 + 3 = -r. Let n be (1 - r)/6*-20. What is the units digit of -5*(12/n)/1?
6
Suppose -a = -4*i - 4186, -10895 = -3*a - 9*i + 1768. What is the tens digit of a?
0
Let z(x) = -x**3 - 8*x**2 + 9*x - 5. Let h be z(-9). What is the units digit of 74/4*(h + 8 + 3)?
1
What is the hundreds digit of 499/3 + (-15)/45?
1
Let p(n) = 7*n**2 + 5*n - 4. Let i be p(-4). Suppose -2*w = -4*w + i. What is the tens digit of w?
4
Suppose 335 = 9*h - 4*h. Suppose 4*p - 49 = 5*l - 12, 4*p - h = -5*l. What is the units digit of p?
3
Suppose 0 = -3*m + 4*m - 53. Let y = 126 - m. What is the tens digit of y?
7
What is the units digit of (-1486)/(-12) + 185/(-222)?
3
Let k = 132 - 193. What is the units digit of (k - -16)/((-1)/1)?
5
Let g = -12 + -71. Let n = 68 - g. Let f = n + -106. What is the tens digit of f?
4
Let h = 8268 - 5227. What is the thousands digit of h?
3
Let y(k) = -8 + 8*k - 5*k**2 - k**3 + 3*k - 2*k. Let j = 29 - 36. What is the tens digit of y(j)?
2
Suppose 6*r - 24 = r - n, 3*n = -r + 16. What is the tens digit of 4 - ((-390)/r - (-22)/(-44))?
0
Suppose 4*l - 28 = 2*a, 3*l - 5*a + 1 = 36. Suppose 6*r - r = o + 215, -5*o + 245 = l*r. Suppose 5*f + r = 164. What is the tens digit of f?
2
Let w(q) = q**2 - 2*q - 4. Let i be w(-2). Suppose j - 2 = -6, i*z + j - 1348 = 0. What is the hundreds digit of z?
3
Let k(a) = -a**2 + a - 1. Let u be k(5). Let i = u + 35. Suppose j = i + 18. What is the tens digit of j?
3
Let j(n) = n**3 + 24*n**2 + 14*n - 19. Let u(a) = 2*a**3 + 49*a**2 + 28*a - 37. Let s(b) = 9*j(b) - 4*u(b). What is the units digit of s(-19)?
2
Suppose 6*d - 4*d = 3*b - 1312, 3*d - 2174 = -5*b. What is the units digit of b?
6
Suppose 10 = -8*n + 3*n. Let j be 0/(n*(5 - 4)). Suppose -3*y - 77 + 218 = j. What is the units digit of y?
7
Let v be (24/14)/(1/7). Suppose 0 = 11*c - 7*c - v. Suppose 34 = -c*m - 5*p + 85, 0 = 4*p. What is the tens digit of m?
1
Suppose 3*x - 106 = -3*j - 43, -x - 87 = -5*j. What is the tens digit of j?
1
Let y be (0/(-1) - 4)*-2. Let v = -48 + 88. Suppose -y = -r + v. What is the units digit of r?
8
Suppose 0*w - 6*w + 30 = 0. Suppose -5*u - i - 3*i + 630 = 0, 625 = w*u + 3*i. What is the hundreds digit of u?
1
Suppose 98 = 3*u + 23. Let k(z) = 4 + 2*z - 24*z**2 + 4*z + u*z**2. What is the tens digit of k(-8)?
2
Let w(i) = -i + 12. Let a be w(15). Let k(y) = -11*y - 22. What is the tens digit of k(a)?
1
Let v(n) = -61 - 11*n + 26 + 31. Let z be v(-14). Suppose 0 = 12*h - 10*h - z. What is the units digit of h?
5
Let y(u) = u**3 - 10*u**2 + u + 5. Let z be y(10). Let i = 9 + z. What is the tens digit of i?
2
Suppose 14148 = 4*n + 52*k - 54*k, 5*k - 20 = 0. What is the hundreds digit of n?
5
Let u(d) = 11*d**2 + d - 2. Let c be u(1). What is the units digit of 0 + 1 - (-29 + c)?
0
Let o = -1144 + 1937. What is the tens digit of o?
9
Suppose -20 = 4*n, 3*p + 16 = -n - 4*n. Suppose -h + 2*h = -p, 5*l - 4*h = 2. What is the units digit of -1 - (l + 3/(-3))?
2
Suppose -4444 = -4*h - 2*k, -3*h - h + 4*k + 4444 = 0. What is the units digit of h/22 - (-6)/4?
2
Let o(v) = v - 5*v - 4*v + 3*v + 17. What is the units digit of o(-8)?
7
Suppose -1162 = -14*m + 434. What is the tens digit of m?
1
Suppose 5*m - 696 - 679 = 0. What is the tens digit of m?
7
Let o = -139 + 140. What is the tens digit of o/((-26)/4) + (-18387)/(-117)?
5
Suppose 11*j - 17814 = -1347. What is the hundreds digit of j?
4
Suppose -2907 = -3*h - 5*j, 4380 = 3*h - j + 1491. What is the units digit of h?
4
Suppose -3*r + 196 - 672 = -5*j, 0 = -4*j + r + 378. Suppose 4*s = u + 2*s - j, -5*u = -4*s - 494. What is the hundreds digit of u?
1
Let i = -44 + 31. What is the units digit of (i/6)/(8/(-48))?
3
Let q = -265 - -101. Let b = -80 - q. What is the tens digit of b?
8
Let p(d) = d**3 + 11*d**2 + 5. Let y be p(-11). Suppose -4*f - 4*s = 189 - 593, -y*s + 15 = 0. What is the units digit of f?
8
Let o(g) = -g**2 + 8*g - 9. Let b be o(6). Suppose -6 = 3*q - 30. Let c = b + q. What is the tens digit of c?
1
Let q = 83 + -98. What is the tens dig